{"id":1277,"date":"2026-03-24T13:09:49","date_gmt":"2026-03-24T13:09:49","guid":{"rendered":"https:\/\/rhbz.com.co\/?page_id=1277"},"modified":"2026-03-24T20:29:00","modified_gmt":"2026-03-24T20:29:00","slug":"blog","status":"publish","type":"page","link":"https:\/\/rhbz.com.co\/index.php\/blog\/","title":{"rendered":"Blog"},"content":{"rendered":"\t\t<div data-elementor-type=\"wp-page\" data-elementor-id=\"1277\" class=\"elementor elementor-1277\">\n\t\t\t\t<div class=\"elementor-element elementor-element-d8c90fa e-flex e-con-boxed e-con e-parent\" data-id=\"d8c90fa\" data-element_type=\"container\" data-e-type=\"container\">\n\t\t\t\t\t<div class=\"e-con-inner\">\n\t\t\t\t<div class=\"elementor-element elementor-element-8807f0d elementor-widget elementor-widget-image\" data-id=\"8807f0d\" data-element_type=\"widget\" data-e-type=\"widget\" data-widget_type=\"image.default\">\n\t\t\t\t<div class=\"elementor-widget-container\">\n\t\t\t\t\t\t\t\t\t\t\t\t\t\t\t<img alt=\"\" fetchpriority=\"high\" decoding=\"async\" width=\"768\" height=\"175\" src=\"https:\/\/rhbz.com.co\/wp-content\/uploads\/2025\/01\/LOGO-ROSA-HELENA-JPG-768x175.jpg\" class=\"attachment-medium_large size-medium_large wp-image-498\" alt=\"\" srcset=\"https:\/\/rhbz.com.co\/wp-content\/uploads\/2025\/01\/LOGO-ROSA-HELENA-JPG-768x175.jpg 768w, https:\/\/rhbz.com.co\/wp-content\/uploads\/2025\/01\/LOGO-ROSA-HELENA-JPG-500x114.jpg 500w, https:\/\/rhbz.com.co\/wp-content\/uploads\/2025\/01\/LOGO-ROSA-HELENA-JPG-1200x273.jpg 1200w, https:\/\/rhbz.com.co\/wp-content\/uploads\/2025\/01\/LOGO-ROSA-HELENA-JPG-300x68.jpg 300w, https:\/\/rhbz.com.co\/wp-content\/uploads\/2025\/01\/LOGO-ROSA-HELENA-JPG-1536x349.jpg 1536w, https:\/\/rhbz.com.co\/wp-content\/uploads\/2025\/01\/LOGO-ROSA-HELENA-JPG-2048x466.jpg 2048w, https:\/\/rhbz.com.co\/wp-content\/uploads\/2025\/01\/LOGO-ROSA-HELENA-JPG-150x34.jpg 150w, https:\/\/rhbz.com.co\/wp-content\/uploads\/2025\/01\/LOGO-ROSA-HELENA-JPG-480x109.jpg 480w\" sizes=\"(max-width:767px) 480px, (max-width:768px) 100vw, 768px\" \/>\t\t\t\t\t\t\t\t\t\t\t\t\t\t\t<\/div>\n\t\t\t\t<\/div>\n\t\t\t\t\t<\/div>\n\t\t\t\t<\/div>\n\t\t<div class=\"elementor-element elementor-element-350f9ec e-flex e-con-boxed e-con e-parent\" data-id=\"350f9ec\" data-element_type=\"container\" data-e-type=\"container\">\n\t\t\t\t\t<div class=\"e-con-inner\">\n\t\t\t\t<div class=\"elementor-element elementor-element-ec44d92 elementor-widget elementor-widget-heading\" data-id=\"ec44d92\" data-element_type=\"widget\" data-e-type=\"widget\" data-widget_type=\"heading.default\">\n\t\t\t\t<div class=\"elementor-widget-container\">\n\t\t\t\t\t<h2 class=\"elementor-heading-title elementor-size-default\">Blog<\/h2>\t\t\t\t<\/div>\n\t\t\t\t<\/div>\n\t\t\t\t\t<\/div>\n\t\t\t\t<\/div>\n\t\t<div class=\"elementor-element elementor-element-2eafcaf e-flex e-con-boxed e-con e-parent\" data-id=\"2eafcaf\" data-element_type=\"container\" data-e-type=\"container\">\n\t\t\t\t\t<div class=\"e-con-inner\">\n\t\t\t\t<div class=\"elementor-element elementor-element-ce75bf6 elementor-widget elementor-widget-mfn_blog\" data-id=\"ce75bf6\" data-element_type=\"widget\" data-e-type=\"widget\" data-widget_type=\"mfn_blog.default\">\n\t\t\t\t<div class=\"elementor-widget-container\">\n\t\t\t\t\t<div class=\"column_filters\"><div class=\"blog_wrapper isotope_wrapper clearfix\"><div class=\"posts_group lm_wrapper element_classes col- classic\"><article class=\"post post-item isotope-item clearfix no-img category-1 post-1317 type-post status-publish format-standard hentry category-uncategorized\" style=\"\"><div class=\"date_label\">April 11, 2026<\/div><div class=\"image_frame post-photo-wrapper scale-with-grid image\"><div class=\"image_wrapper\"><\/div><\/div><div class=\"post-desc-wrapper bg- has-custom-bg\" style=\"\"><div class=\"post-desc\"><div class=\"post-head\"><div class=\"post-meta clearfix\"><div class=\"author-date\"><span class=\"vcard author post-author\"><span class=\"label\">Published by <\/span><i class=\"icon-user\" aria-label=\"author\"><\/i> <span class=\"fn\"><a href=\"https:\/\/rhbz.com.co\/index.php\/author\/rhbadmn\/\">rhbadmn<\/a><\/span><\/span> <span class=\"date\"><span class=\"label\">on <\/span><i class=\"icon-clock\"><\/i> <span class=\"post-date updated\">April 11, 2026<\/span><\/span><\/div><\/div><\/div><div class=\"post-title\"><h3 class=\"entry-title \" itemprop=\"headline\"><a href=\"https:\/\/rhbz.com.co\/index.php\/2026\/04\/11\/cuantos-impuestos-tiene-un-empresario-en-colombia\/\">\u00bfCu\u00e1ntos impuestos tiene un empresario en Colombia?<\/a><\/h3><\/div><div class=\"post-excerpt\">\u00bfCu\u00e1ntos impuestos tiene un empresario en Colombia? M\u00e1s de los que muchos creen. Porque en Colombia no se trata solo de pagar renta: un negocio tambi\u00e9n<span class=\"excerpt-hellip\"> [\u2026]<\/span><\/div><div class=\"post-footer\"><div class=\"button-love\"><span class=\"love-text\">Do you like it?<\/span><a href=\"#\" class=\"mfn-love \" data-id=\"1317\"><span class=\"icons-wrapper\"><i class=\"icon-heart-empty-fa\"><\/i><i class=\"icon-heart-fa\"><\/i><\/span><span class=\"label\">0<\/span><\/a><\/div><div class=\"post-links\"><i class=\"read-more-icon icon-doc-text\" aria-hidden=\"true\"><\/i> <a href=\"https:\/\/rhbz.com.co\/index.php\/2026\/04\/11\/cuantos-impuestos-tiene-un-empresario-en-colombia\/\" class=\"post-more\">Read more<\/a><\/div><\/div><\/div><\/div><\/article><article class=\"post post-item isotope-item clearfix no-img category-15 post-1279 type-post status-publish format-standard hentry category-finanzas tag-finanzas-empresariales tag-finanzas-personales\" style=\"\"><div class=\"date_label\">March 24, 2026<\/div><div class=\"image_frame post-photo-wrapper scale-with-grid image\"><div class=\"image_wrapper\"><\/div><\/div><div class=\"post-desc-wrapper bg- has-custom-bg\" style=\"\"><div class=\"post-desc\"><div class=\"post-head\"><div class=\"post-meta clearfix\"><div class=\"author-date\"><span class=\"vcard author post-author\"><span class=\"label\">Published by <\/span><i class=\"icon-user\" aria-label=\"author\"><\/i> <span class=\"fn\"><a href=\"https:\/\/rhbz.com.co\/index.php\/author\/rhbadmn\/\">rhbadmn<\/a><\/span><\/span> <span class=\"date\"><span class=\"label\">on <\/span><i class=\"icon-clock\"><\/i> <span class=\"post-date updated\">March 24, 2026<\/span><\/span><\/div><\/div><\/div><div class=\"post-title\"><h3 class=\"entry-title \" itemprop=\"headline\"><a href=\"https:\/\/rhbz.com.co\/index.php\/2026\/03\/24\/estas-mezclando-el-dinero-de-tu-negocio-con-tus-ingresos-personales\/\">\u00bfEst\u00e1s mezclando el dinero de tu negocio con tus ingresos personales?finzna<\/a><\/h3><\/div><div class=\"post-excerpt\">\u00bfEst\u00e1s mezclando el dinero de tu negocio con tus ingresos personales? Un error com\u00fan que puede afectar la rentabilidad de tu empresa, desordenar tus finanzas y<span class=\"excerpt-hellip\"> [\u2026]<\/span><\/div><div class=\"post-footer\"><div class=\"button-love\"><span class=\"love-text\">Do you like it?<\/span><a href=\"#\" class=\"mfn-love \" data-id=\"1279\"><span class=\"icons-wrapper\"><i class=\"icon-heart-empty-fa\"><\/i><i class=\"icon-heart-fa\"><\/i><\/span><span class=\"label\">0<\/span><\/a><\/div><div class=\"post-links\"><i class=\"read-more-icon icon-doc-text\" aria-hidden=\"true\"><\/i> <a href=\"https:\/\/rhbz.com.co\/index.php\/2026\/03\/24\/estas-mezclando-el-dinero-de-tu-negocio-con-tus-ingresos-personales\/\" class=\"post-more\">Read more<\/a><\/div><\/div><\/div><\/div><\/article><article class=\"post post-item isotope-item clearfix no-img category-1 post-1255 type-post status-publish format-standard hentry category-uncategorized\" style=\"\"><div class=\"date_label\">September 21, 2025<\/div><div class=\"image_frame post-photo-wrapper scale-with-grid image\"><div class=\"image_wrapper\"><\/div><\/div><div class=\"post-desc-wrapper bg- has-custom-bg\" style=\"\"><div class=\"post-desc\"><div class=\"post-head\"><div class=\"post-meta clearfix\"><div class=\"author-date\"><span class=\"vcard author post-author\"><span class=\"label\">Published by <\/span><i class=\"icon-user\" aria-label=\"author\"><\/i> <span class=\"fn\"><a href=\"https:\/\/rhbz.com.co\/index.php\/author\/gregor\/\">Gregor<\/a><\/span><\/span> <span class=\"date\"><span class=\"label\">on <\/span><i class=\"icon-clock\"><\/i> <span class=\"post-date updated\">September 21, 2025<\/span><\/span><\/div><\/div><\/div><div class=\"post-title\"><h3 class=\"entry-title \" itemprop=\"headline\"><a href=\"https:\/\/rhbz.com.co\/index.php\/2025\/09\/21\/quienes-estan-obligados-a-declarar-renta-en-2025-2\/\">\u00bfQui\u00e9nes est\u00e1n obligados a declarar renta en 2025?<\/a><\/h3><\/div><div class=\"post-excerpt\"><\/div><div class=\"post-footer\"><div class=\"button-love\"><span class=\"love-text\">Do you like it?<\/span><a href=\"#\" class=\"mfn-love \" data-id=\"1255\"><span class=\"icons-wrapper\"><i class=\"icon-heart-empty-fa\"><\/i><i class=\"icon-heart-fa\"><\/i><\/span><span class=\"label\">0<\/span><\/a><\/div><div class=\"post-links\"><i class=\"read-more-icon icon-doc-text\" aria-hidden=\"true\"><\/i> <a href=\"https:\/\/rhbz.com.co\/index.php\/2025\/09\/21\/quienes-estan-obligados-a-declarar-renta-en-2025-2\/\" class=\"post-more\">Read more<\/a><\/div><\/div><\/div><\/div><\/article><\/div><\/div>\n<\/div>\n\t\t\t\t<\/div>\n\t\t\t\t<\/div>\n\t\t\t\t\t<\/div>\n\t\t\t\t<\/div>\n\t\t<div class=\"elementor-element elementor-element-6cefb84 e-flex e-con-boxed e-con e-parent\" data-id=\"6cefb84\" data-element_type=\"container\" data-e-type=\"container\">\n\t\t\t\t\t<div class=\"e-con-inner\">\n\t\t\t\t<div class=\"elementor-element elementor-element-a066555 elementor-widget elementor-widget-image\" data-id=\"a066555\" data-element_type=\"widget\" data-e-type=\"widget\" data-widget_type=\"image.default\">\n\t\t\t\t<div class=\"elementor-widget-container\">\n\t\t\t\t\t\t\t\t\t\t\t\t\t\t\t<img alt=\"\" decoding=\"async\" width=\"1200\" height=\"51\" src=\"https:\/\/rhbz.com.co\/wp-content\/uploads\/2026\/03\/Captura-de-pantalla-2026-03-24-082826-1200x51.png\" class=\"attachment-large size-large wp-image-1299\" alt=\"\" srcset=\"https:\/\/rhbz.com.co\/wp-content\/uploads\/2026\/03\/Captura-de-pantalla-2026-03-24-082826-1200x51.png 1200w, https:\/\/rhbz.com.co\/wp-content\/uploads\/2026\/03\/Captura-de-pantalla-2026-03-24-082826-500x21.png 500w, https:\/\/rhbz.com.co\/wp-content\/uploads\/2026\/03\/Captura-de-pantalla-2026-03-24-082826-300x13.png 300w, https:\/\/rhbz.com.co\/wp-content\/uploads\/2026\/03\/Captura-de-pantalla-2026-03-24-082826-768x33.png 768w, https:\/\/rhbz.com.co\/wp-content\/uploads\/2026\/03\/Captura-de-pantalla-2026-03-24-082826-1536x65.png 1536w, https:\/\/rhbz.com.co\/wp-content\/uploads\/2026\/03\/Captura-de-pantalla-2026-03-24-082826-150x6.png 150w, https:\/\/rhbz.com.co\/wp-content\/uploads\/2026\/03\/Captura-de-pantalla-2026-03-24-082826-480x20.png 480w, https:\/\/rhbz.com.co\/wp-content\/uploads\/2026\/03\/Captura-de-pantalla-2026-03-24-082826.png 1865w\" sizes=\"(max-width:767px) 480px, (max-width:1200px) 100vw, 1200px\" \/>\t\t\t\t\t\t\t\t\t\t\t\t\t\t\t<\/div>\n\t\t\t\t<\/div>\n\t\t\t\t\t<\/div>\n\t\t\t\t<\/div>\n\t\t\t\t<\/div>\n\t\t","protected":false},"excerpt":{"rendered":"<p>Blog March 24, 2026Published by rhbadmn on March 24, 2026 \u00bfEst\u00e1s mezclando el dinero de tu negocio con tus ingresos personales?finzna \u00bfEst\u00e1s mezclando el dinero de<span class=\"excerpt-hellip\"> [\u2026]<\/span><\/p>\n","protected":false},"author":3,"featured_media":0,"parent":0,"menu_order":0,"comment_status":"closed","ping_status":"closed","template":"elementor_canvas","meta":{"_seopress_robots_primary_cat":"","_seopress_titles_title":"","_seopress_titles_desc":"","_seopress_robots_index":"","footnotes":""},"class_list":["post-1277","page","type-page","status-publish","hentry"],"_links":{"self":[{"href":"https:\/\/rhbz.com.co\/index.php\/wp-json\/wp\/v2\/pages\/1277","targetHints":{"allow":["GET"]}}],"collection":[{"href":"https:\/\/rhbz.com.co\/index.php\/wp-json\/wp\/v2\/pages"}],"about":[{"href":"https:\/\/rhbz.com.co\/index.php\/wp-json\/wp\/v2\/types\/page"}],"author":[{"embeddable":true,"href":"https:\/\/rhbz.com.co\/index.php\/wp-json\/wp\/v2\/users\/3"}],"replies":[{"embeddable":true,"href":"https:\/\/rhbz.com.co\/index.php\/wp-json\/wp\/v2\/comments?post=1277"}],"version-history":[{"count":7,"href":"https:\/\/rhbz.com.co\/index.php\/wp-json\/wp\/v2\/pages\/1277\/revisions"}],"predecessor-version":[{"id":1313,"href":"https:\/\/rhbz.com.co\/index.php\/wp-json\/wp\/v2\/pages\/1277\/revisions\/1313"}],"wp:attachment":[{"href":"https:\/\/rhbz.com.co\/index.php\/wp-json\/wp\/v2\/media?parent=1277"}],"curies":[{"name":"wp","href":"https:\/\/api.w.org\/{rel}","templated":true}]}}